 highest common factor of y and 295.
5
Suppose 0 = 132*p - 291541 - 4271. Calculate the greatest common divisor of p and 27.
27
Let g(y) = 7*y - 1. Let h be g(2). Suppose 0 = -j + 56 + h. Let z be ((-1)/(-3))/(25/1725). What is the greatest common factor of z and j?
23
Let i = -3 - 55. Let q = i + 103. Suppose 81 = 84*n - 79*n + 2*f, -2*n + 18 = -4*f. Calculate the greatest common factor of q and n.
15
Let m be (6*(-4)/(-108))/(1/1011)*24. Calculate the greatest common factor of 80 and m.
16
Suppose -423*k = 182*k + 2*k - 10695340. Calculate the highest common divisor of k and 20.
20
Suppose -2*q + 8 = 2*v, 15*q + 22 = 4*v + 16*q. Suppose 0 = 4*z - s - 728, -910 = -v*z + z - 5*s. Calculate the greatest common divisor of z and 14.
14
Suppose 229*h - 1607 = -4*q + 224*h, 2*h = -2*q + 806. Calculate the greatest common divisor of q and 216.
24
Suppose 7*d = 5*d + 124. Let u = d + -105. Let b = -32 - u. Calculate the highest common divisor of 11 and b.
11
Let v(g) = 3*g + 16. Let l be v(14). Let s = 249 + -247. Calculate the greatest common divisor of l and s.
2
Let c = 1077 + -714. Suppose -4*h - c = -7*h. Let n be (-20)/220*-33 + (6 - -2). What is the highest common divisor of h and n?
11
Let n = -34 - -36. Suppose -2*j - 2*r - 3*r = 44, n*r = -8. Let p(d) = d**3 + 13*d**2 + 10*d + 12. Let z be p(j). What is the highest common divisor of z and 9?
9
Suppose -2*t = -b - 77, 0 = 4*b - 135 + 123. Calculate the greatest common divisor of t and 1256.
8
Let o(t) = 94*t + 1509. Let l be o(-16). Calculate the greatest common factor of l and 365.
5
Let o be 2/7 + -2 + (-552)/(-28). Suppose 0 = 11*x - o*x + 1274. Suppose 0 = 2*r - 2*d - x, 5*r - 374 = r + 2*d. What is the highest common divisor of 12 and r?
12
Let l be (-15546)/(-15) - 0 - (-9 - (-936)/90). What is the highest common divisor of l and 90?
45
Let d be 92132/15 + 104/(-780) - -6. What is the greatest common divisor of 232 and d?
116
Suppose 0*j = -10*j + 3*j, 780 = 5*h - j. What is the greatest common factor of h and 636?
12
Suppose -30*b - 12 = -33*b. Suppose -2*x = 3*k - 8, 4 = 2*x - 5*k - b. Let z be 29 - (-3 + -6 + x). What is the highest common factor of z and 17?
17
Let w(j) = 70*j + 348. Let z be w(6). What is the highest common factor of z and 36?
12
Let b be (-2 - 62)/(-10*(-15)/(-750)). What is the greatest common factor of b and 4096?
64
Let l be 6/15 + (-866)/(-10). Let y = 129 - 25. Suppose 24*v - 1288 = y. Calculate the greatest common divisor of l and v.
29
Suppose -22*r - 5*r + 5049 = 0. Let i = 243 - r. Calculate the highest common divisor of 8 and i.
8
Suppose 98 = 777*m - 770*m. Calculate the highest common divisor of m and 623.
7
Suppose m - 5*m + 48 = 0. Suppose -10*h = -m*h + 184. Let b = 100 - h. What is the greatest common divisor of b and 2?
2
Let s be (81 - -60) + 22/(-99) + (-50)/18. Calculate the highest common factor of 3657 and s.
69
Suppose -17*m - 7*m = -20064. Calculate the greatest common divisor of m and 76.
76
Let w = 41692 + -31903. Calculate the highest common divisor of w and 156.
39
Let j be (-34)/(-4)*(20 - (6 - (16 + 0))). Calculate the greatest common factor of j and 45.
15
Suppose 2*s = -2*z + 502, 37*z = 40*z + 2*s - 750. Calculate the greatest common divisor of 2604 and z.
124
Let s = 14834 - 14762. Calculate the greatest common divisor of 5868 and s.
36
Suppose -3*u = n + 167, 2*u + 3*u = -3*n - 281. Let g = -15 - u. Let k(c) = 2*c - 3. Let l be k(4). What is the highest common divisor of l and g?
5
Suppose -5*v - 47 = 2*b, -23 = 5*b - v + 27. Let t(y) = y**2 + 7*y - 10. Let i be t(b). Let n = -2588 + 2826. What is the greatest common factor of n and i?
34
Let a = -4426 - -4831. Calculate the highest common divisor of 120 and a.
15
Let x = 33724 + -13410. What is the greatest common divisor of x and 14?
14
Suppose 1 = 2*t - 23. Suppose 2*c - 22 = -4*i, 6 = -5*c - 2*i + 29. Calculate the greatest common factor of c and t.
3
Let t(x) = -x**3 + 7*x**2 + x - 4. Let v be t(4). Suppose -42*z + 38*z + v = 0. What is the highest common factor of z and 72?
12
Let a(p) = 3*p**2 + 109*p - 37. Let h(m) = -3*m**2 - 108*m + 38. Let c(r) = -3*a(r) - 2*h(r). Let x be c(-37). What is the highest common divisor of x and 1295?
35
Let f(y) = -242*y - 4574. Let v be f(-23). Calculate the greatest common factor of v and 128.
32
Suppose 32526 + 10371 = 12*n + 5385. What is the highest common factor of 6 and n?
6
Let z be 24/(-276) + (-71)/(-23). Let u = 158 - 102. Suppose 5*q + 119 = -5*s + 349, -q + u = -4*s. What is the highest common factor of q and z?
3
Suppose 335*c - 62456 = 21964. Calculate the highest common divisor of c and 672.
84
Let c be (-29)/(-1) - -4 - ((-2 - -3) + -4). Calculate the highest common divisor of c and 2709.
9
Suppose 2*p - 34 = 4*p - 5*p + 29. Suppose -4*f + 2 = -2*f + 4*x, 3*f = 5*x + 47. Suppose -s + 4*s - f = 0. What is the greatest common divisor of s and p?
3
Let a(j) = j**2 + 24*j - 28. Let o be a(14). Suppose -63 = 7*r - o. What is the highest common divisor of 63 and r?
63
Let a = -114 - -116. Let t be a + (-2 - -78*2). Calculate the greatest common factor of 52 and t.
52
Let j(b) = b**2 - 8*b + 8. Let w be j(7). What is the highest common factor of 67 and w?
1
Let b be ((-3)/2)/(5/(-260)). Suppose -58*j + 106 + 102 + 140 = 0. What is the highest common divisor of j and b?
6
Let n(k) = k**3 - 2*k**2 - 5*k + 3. Let f be n(4). Let d = -16 + f. Let i be (11 + d)*198/45. Calculate the highest common factor of 11 and i.
11
Let j = -123 + 125. Let h(x) = x**2 - x - 1. Let o be h(j). Let q be -1*((5 - 4) + -2). Calculate the greatest common divisor of q and o.
1
Suppose 2*b + g = -b + 11, 4*g + 36 = 4*b. Suppose 5*s - b*v + 24 = 214, -3*s - 3*v = -138. What is the highest common factor of s and 3?
3
Let n = 342 + -1109. Let p = n + 815. What is the highest common factor of 816 and p?
48
Suppose -12*y + 620 = 21*y - 2*y. Calculate the greatest common factor of 7220 and y.
20
Let o be -1 + 4 + 1*(1 - -128). Suppose -34*q = -28*q + o. Let t = -8 - q. What is the highest common divisor of t and 49?
7
Suppose 56*r = 135*r - 44161. What is the highest common factor of r and 989?
43
Let x(q) = -q**3 - 2*q**2 + 4*q + 22. Let p be x(-3). Suppose 0 = p*k - 12*k - 84. Calculate the highest common factor of 18 and k.
6
Let x be (-2)/(-2) + (-44)/(-2). Let j = -534 - -536. Let n be 250 + (-6)/(-4 + j). Calculate the greatest common divisor of x and n.
23
Suppose 5*t - 10705 - 13913 = -2*z, -5*t = 10. What is the greatest common factor of z and 94?
94
Suppose 14*i = -14*i - 413 + 2401. Let j(n) = 106*n + 1. Let b be j(2). Calculate the highest common factor of b and i.
71
Let c be -10*(-2 + 12/5) + 26 + 1369. Calculate the greatest common factor of c and 13.
13
Suppose -17 = -0*p - 4*p + c, -5*p - 3*c = 0. Let q(h) = 1 + 6*h**2 - 5 + h**3 - 2*h**3 - p. Let u be q(5). Calculate the highest common divisor of 198 and u.
18
Let b(r) = -35*r**3 + 1. Let i(j) = -7*j - 99. Let c be i(-14). Let m be b(c). What is the highest common divisor of m and 24?
12
Suppose 5*t - 4*q = -8*q + 15, 9 = 3*t + q. Suppose t*v + 5*k = 152, 5*v - 5*k - 200 = -0*v. Calculate the greatest common divisor of v and 11.
11
Let k(o) = 4*o**3 - 199*o**2 - 49*o + 172. Let r be k(51). Calculate the highest common divisor of 38 and r.
38
Suppose 45 = -5*m - 0*m. Let k be m/6 + 45/10. Let p be 754/39 - ((-5)/k - -2). Calculate the highest common divisor of p and 76.
19
Let j = -3901 - -4790. Calculate the highest common factor of 127 and j.
127
Let l(r) = -127*r**3 - 2*r**2 - 18*r - 72. Let f be l(-4). What is the greatest common factor of f and 66?
22
Let h(a) = a**2 - 2. Let k be h(-2). Let v be (k/5)/(24/600). What is the highest common factor of v and 30?
10
Suppose 269*h + 2016 = 287*h - 4140. Suppose 0 = 4*o - 5*o + 18. What is the highest common factor of o and h?
18
Suppose 14*j - 10*j - 8 = 0. Suppose -3*s = -j*o, 3*o - s + 0*s + 14 = 0. Let f(p) = p**2 - 22. Let n be f(o). Calculate the greatest common factor of n and 56.
14
Let t = 126 + -76. Suppose 0 = t*h - 49*h - 5. Suppose 51*u - 80 = 47*u. Calculate the highest common divisor of h and u.
5
Let q be (6713/137)/(1/33). Calculate the greatest common factor of 84 and q.
21
Let r(h) = -h**3 + 2*h**2 + h. Let o(t) = -9*t**3 